


{"id":8,"date":"2021-06-22T11:43:13","date_gmt":"2021-06-22T14:43:13","guid":{"rendered":"http:\/\/memoriaambiental.org\/?page_id=8"},"modified":"2026-03-27T13:07:05","modified_gmt":"2026-03-27T16:07:05","slug":"o-que-e","status":"publish","type":"page","link":"https:\/\/memoriaambiental.org\/es\/o-que-e\/","title":{"rendered":"Qu\u00e9 es"},"content":{"rendered":"<h2>Memoria Ambiental es un espacio virtual que conecta historias sobre c\u00f3mo personas de Am\u00e9rica Latina perciben las transformaciones ambientales causadas por la crisis clim\u00e1tica en sus comunidades.<\/h2>\n<p>Compartir observaciones y vivencias, son registros que impulsan la transformaci\u00f3n. Cuando conectamos conocimientos y culturas, recogemos informaci\u00f3n que puede servir de soluci\u00f3n e inspiraci\u00f3n para comunidades y personas en todo el mundo.<\/p>\n<p>\u00a1Contar historias tiene poder!<\/p>\n<p>&nbsp;<\/p>\n<p><strong>\u00bfC\u00f3mo identificamos los impactos ambientales?<\/strong><\/p>\n<p>Impacto ambiental es el nombre dado a una modificaci\u00f3n causada en el medio ambiente debido a la acci\u00f3n humana. Entre los principales impactos ambientales negativos causados por el hombre, podemos mencionar la disminuci\u00f3n de los manantiales, extinci\u00f3n de especies, inundaciones, erosiones, contaminaci\u00f3n, cambios clim\u00e1tico.<\/p>\n<p>&nbsp;<\/p>\n<p><strong>\u00bfT\u00fa prestas atenci\u00f3n a los efectos de la crisis clim\u00e1tica que suceden d\u00f3nde vives?<\/strong><\/p>\n<p>Crisis clim\u00e1tica es el t\u00e9rmino que apunta la acci\u00f3n humana como responsable por las emisiones de gases de efecto estufa. En ese sentido, la palabra \u201ccrisis\u201d lleva un contenido social y responsabiliza a la sociedad por un problema que muchas veces es visto de forma distante e inherente a la humanidad.<\/p>\n<p>&nbsp;<\/p>","protected":false},"excerpt":{"rendered":"<p>Mem\u00f3ria Ambiental \u00e9 um espa\u00e7o virtual que conecta hist\u00f3rias sobre como pessoas da Am\u00e9rica Latina percebem as transforma\u00e7\u00f5es ambientais causadas pela crise clim\u00e1tica em suas comunidades. Compartilhar observa\u00e7\u00f5es e viv\u00eancias s\u00e3o registros que impulsionam a transforma\u00e7\u00e3o. Ao conectar saberes e culturas, coletamos informa\u00e7\u00f5es que podem servir de solu\u00e7\u00e3o e inspira\u00e7\u00e3o para comunidades e pessoas. Contar &hellip; <a href=\"https:\/\/memoriaambiental.org\/es\/o-que-e\/\" class=\"more-link\">Continue reading <span class=\"screen-reader-text\">Qu\u00e9 es<\/span><\/a><\/p>","protected":false},"author":1,"featured_media":0,"parent":0,"menu_order":0,"comment_status":"closed","ping_status":"closed","template":"","meta":{"_acf_changed":false,"footnotes":""},"class_list":["post-8","page","type-page","status-publish","hentry"],"acf":{"photo_gallery":{"galeria_fotos":[[{"id":48,"title":"memoria1","caption":"","full_image_url":"https:\/\/memoriaambiental.org\/wp-content\/uploads\/2021\/06\/memoria1.jpg","thumbnail_image_url":"https:\/\/memoriaambiental.org\/wp-content\/uploads\/2021\/06\/memoria1-150x150.jpg","large_srcset":"https:\/\/memoriaambiental.org\/wp-content\/uploads\/2021\/06\/memoria1.jpg 347w, https:\/\/memoriaambiental.org\/wp-content\/uploads\/2021\/06\/memoria1-300x169.jpg 300w","medium_srcset":"https:\/\/memoriaambiental.org\/wp-content\/uploads\/2021\/06\/memoria1-300x169.jpg 300w, https:\/\/memoriaambiental.org\/wp-content\/uploads\/2021\/06\/memoria1.jpg 347w","media_details":{"width":347,"height":195,"sizes":{"medium":{"file":"memoria1-300x169.jpg","width":300,"height":169,"mime-type":"image\/jpeg","source_url":"https:\/\/memoriaambiental.org\/wp-content\/uploads\/2021\/06\/memoria1-300x169.jpg"},"thumbnail":{"file":"memoria1-150x150.jpg","width":150,"height":150,"mime-type":"image\/jpeg","source_url":"https:\/\/memoriaambiental.org\/wp-content\/uploads\/2021\/06\/memoria1-150x150.jpg"}}},"alt_text":"","url":"","target":""},{"id":47,"title":"foto1","caption":"","full_image_url":"https:\/\/memoriaambiental.org\/wp-content\/uploads\/2021\/06\/foto1.jpg","thumbnail_image_url":"https:\/\/memoriaambiental.org\/wp-content\/uploads\/2021\/06\/foto1-150x150.jpg","large_srcset":false,"medium_srcset":false,"media_details":{"width":289,"height":272,"sizes":{"thumbnail":{"file":"foto1-150x150.jpg","width":150,"height":150,"mime-type":"image\/jpeg","source_url":"https:\/\/memoriaambiental.org\/wp-content\/uploads\/2021\/06\/foto1-150x150.jpg"}}},"alt_text":"","url":"","target":""},{"id":377,"title":"img_brasil","caption":"","full_image_url":"https:\/\/memoriaambiental.org\/wp-content\/uploads\/2022\/06\/img_brasil.jpg","thumbnail_image_url":"https:\/\/memoriaambiental.org\/wp-content\/uploads\/2022\/06\/img_brasil-150x150.jpg","large_srcset":"https:\/\/memoriaambiental.org\/wp-content\/uploads\/2022\/06\/img_brasil.jpg 331w, https:\/\/memoriaambiental.org\/wp-content\/uploads\/2022\/06\/img_brasil-300x161.jpg 300w, https:\/\/memoriaambiental.org\/wp-content\/uploads\/2022\/06\/img_brasil-18x10.jpg 18w","medium_srcset":"https:\/\/memoriaambiental.org\/wp-content\/uploads\/2022\/06\/img_brasil-300x161.jpg 300w, https:\/\/memoriaambiental.org\/wp-content\/uploads\/2022\/06\/img_brasil-18x10.jpg 18w, https:\/\/memoriaambiental.org\/wp-content\/uploads\/2022\/06\/img_brasil.jpg 331w","media_details":{"width":331,"height":178,"sizes":{"medium":{"file":"img_brasil-300x161.jpg","width":300,"height":161,"mime-type":"image\/jpeg","filesize":18717,"source_url":"https:\/\/memoriaambiental.org\/wp-content\/uploads\/2022\/06\/img_brasil-300x161.jpg"},"thumbnail":{"file":"img_brasil-150x150.jpg","width":150,"height":150,"mime-type":"image\/jpeg","filesize":9947,"source_url":"https:\/\/memoriaambiental.org\/wp-content\/uploads\/2022\/06\/img_brasil-150x150.jpg"},"trp-custom-language-flag":{"file":"img_brasil-18x10.jpg","width":18,"height":10,"mime-type":"image\/jpeg","filesize":827,"source_url":"https:\/\/memoriaambiental.org\/wp-content\/uploads\/2022\/06\/img_brasil-18x10.jpg"}}},"alt_text":"","url":"","target":""},{"id":46,"title":"diversidade5","caption":"","full_image_url":"https:\/\/memoriaambiental.org\/wp-content\/uploads\/2021\/06\/diversidade5.jpg","thumbnail_image_url":"https:\/\/memoriaambiental.org\/wp-content\/uploads\/2021\/06\/diversidade5-150x150.jpg","large_srcset":"https:\/\/memoriaambiental.org\/wp-content\/uploads\/2021\/06\/diversidade5.jpg 240w, https:\/\/memoriaambiental.org\/wp-content\/uploads\/2021\/06\/diversidade5-150x150.jpg 150w","medium_srcset":"https:\/\/memoriaambiental.org\/wp-content\/uploads\/2021\/06\/diversidade5.jpg 240w, https:\/\/memoriaambiental.org\/wp-content\/uploads\/2021\/06\/diversidade5-150x150.jpg 150w","media_details":{"width":240,"height":240,"sizes":{"thumbnail":{"file":"diversidade5-150x150.jpg","width":150,"height":150,"mime-type":"image\/jpeg","source_url":"https:\/\/memoriaambiental.org\/wp-content\/uploads\/2021\/06\/diversidade5-150x150.jpg"}}},"alt_text":"","url":"","target":""}]]}},"_links":{"self":[{"href":"https:\/\/memoriaambiental.org\/es\/wp-json\/wp\/v2\/pages\/8","targetHints":{"allow":["GET"]}}],"collection":[{"href":"https:\/\/memoriaambiental.org\/es\/wp-json\/wp\/v2\/pages"}],"about":[{"href":"https:\/\/memoriaambiental.org\/es\/wp-json\/wp\/v2\/types\/page"}],"author":[{"embeddable":true,"href":"https:\/\/memoriaambiental.org\/es\/wp-json\/wp\/v2\/users\/1"}],"replies":[{"embeddable":true,"href":"https:\/\/memoriaambiental.org\/es\/wp-json\/wp\/v2\/comments?post=8"}],"version-history":[{"count":17,"href":"https:\/\/memoriaambiental.org\/es\/wp-json\/wp\/v2\/pages\/8\/revisions"}],"predecessor-version":[{"id":383,"href":"https:\/\/memoriaambiental.org\/es\/wp-json\/wp\/v2\/pages\/8\/revisions\/383"}],"wp:attachment":[{"href":"https:\/\/memoriaambiental.org\/es\/wp-json\/wp\/v2\/media?parent=8"}],"curies":[{"name":"wp","href":"https:\/\/api.w.org\/{rel}","templated":true}]}}

Qué es

<h2>Memoria Ambiental es un espacio virtual que conecta historias sobre cómo personas de América Latina perciben las transformaciones ambientales causadas por la crisis climática en sus comunidades.</h2>
<p>Compartir observaciones y vivencias, son registros que impulsan la transformación. Cuando conectamos conocimientos y culturas, recogemos información que puede servir de solución e inspiración para comunidades y personas en todo el mundo.</p>
<p>¡Contar historias tiene poder!</p>
<p>&nbsp;</p>
<p><strong>¿Cómo identificamos los impactos ambientales?</strong></p>
<p>Impacto ambiental es el nombre dado a una modificación causada en el medio ambiente debido a la acción humana. Entre los principales impactos ambientales negativos causados por el hombre, podemos mencionar la disminución de los manantiales, extinción de especies, inundaciones, erosiones, contaminación, cambios climático.</p>
<p>&nbsp;</p>
<p><strong>¿Tú prestas atención a los efectos de la crisis climática que suceden dónde vives?</strong></p>
<p>Crisis climática es el término que apunta la acción humana como responsable por las emisiones de gases de efecto estufa. En ese sentido, la palabra “crisis” lleva un contenido social y responsabiliza a la sociedad por un problema que muchas veces es visto de forma distante e inherente a la humanidad.</p>
<p>&nbsp;</p>

<p>Memória Ambiental é um espaço virtual que conecta histórias sobre como pessoas da América Latina percebem as transformações ambientais causadas pela crise climática em suas comunidades. Compartilhar observações e vivências são registros que impulsionam a transformação. Ao conectar saberes e culturas, coletamos informações que podem servir de solução e inspiração para comunidades e pessoas. Contar &hellip; <a href="https://memoriaambiental.org/es/o-que-e/" class="more-link">Continue reading <span class="screen-reader-text">Qué es</span></a></p>
